s digit of 4569154?
1
What is the tens digit of 1802531211?
1
What is the ten thousands digit of 266775708?
7
What is the hundred thousands digit of 235626369?
6
What is the millions digit of 1030462372?
0
What is the thousands digit of 908111690?
1
What is the ten millions digit of 181782602?
8
What is the hundreds digit of 66318295?
2
What is the hundreds digit of 75127024?
0
What is the tens digit of 498863270?
7
What is the millions digit of 155476120?
5
What is the millions digit of 231388793?
1
What is the ten millions digit of 203394303?
0
What is the hundred millions digit of 3041018918?
0
What is the hundreds digit of 315057403?
4
What is the units digit of 512466868?
8
What is the ten millions digit of 466469315?
6
What is the thousands digit of 480288839?
8
What is the hundred millions digit of 115415920?
1
What is the units digit of 51990138?
8
What is the hundred millions digit of 4314389729?
3
What is the millions digit of 336432402?
6
What is the ten millions digit of 274493725?
7
What is the tens digit of 236432642?
4
What is the units digit of 66018608?
8
What is the tens digit of 1269539162?
6
What is the thousands digit of 32623853?
3
What is the millions digit of 95050191?
5
What is the millions digit of 1938461294?
8
What is the hundred thousands digit of 22198407?
1
What is the thousands digit of 2147933723?
3
What is the tens digit of 6873214201?
0
What is the hundreds digit of 400349452?
4
What is the billions digit of 4393827692?
4
What is the millions digit of 83341812?
3
What is the hundred millions digit of 1039389197?
0
What is the millions digit of 239578137?
9
What is the tens digit of 151770410?
1
What is the hundreds digit of 4800025667?
6
What is the hundred millions digit of 1070686928?
0
What is the hundreds digit of 56015195?
1
What is the units digit of 1310095411?
1
What is the thousands digit of 3942507?
2
What is the millions digit of 2064724525?
4
What is the billions digit of 2680046816?
2
What is the units digit of 322024840?
0
What is the hundreds digit of 445018784?
7
What is the hundred thousands digit of 32931796?
9
What is the ten millions digit of 1870295495?
7
What is the units digit of 138322032?
2
What is the hundreds digit of 463204380?
3
What is the units digit of 63846041?
1
What is the ten thousands digit of 28832975?
3
What is the hundred millions digit of 292691872?
2
What is the ten millions digit of 482328679?
8
What is the millions digit of 53851006?
3
What is the millions digit of 131045683?
1
What is the tens digit of 3354274288?
8
What is the ten thousands digit of 19680871?
8
What is the tens digit of 57574957?
5
What is the hundred thousands digit of 8090292?
0
What is the ten millions digit of 97144586?
9
What is the hundred millions digit of 100873687?
1
What is the hundred millions digit of 1040039010?
0
What is the ten millions digit of 734215150?
3
What is the hundreds digit of 590654169?
1
What is the thousands digit of 61560711?
0
What is the ten millions digit of 51583052?
5
What is the ten millions digit of 1073756431?
7
What is the units digit of 97111854?
4
What is the hundred millions digit of 2552099626?
5
What is the hundreds digit of 160935829?
8
What is the millions digit of 307088928?
7
What is the billions digit of 4508229357?
4
What is the hundreds digit of 304170746?
7
What is the hundred millions digit of 307145489?
3
What is the ten millions digit of 28705157?
2
What is the units digit of 557318453?
3
What is the millions digit of 38870651?
8
What is the thousands digit of 214138284?
8
What is the ten thousands digit of 55599386?
9
What is the hundreds digit of 55149347?
3
What is the hundred millions digit of 4934129386?
9
What is the units digit of 709490129?
9
What is the units digit of 1450363218?
8
What is the tens digit of 52210881?
8
What is the hundred thousands digit of 70222671?
2
What is the hundred millions digit of 7648363884?
6
What is the tens digit of 145602113?
1
What is the hundreds digit of 99485634?
6
What is the hundred thousands digit of 17777625?
7
What is the units digit of 289957179?
9
What is the thousands digit of 2139916336?
6
What is the ten thousands digit of 624357414?
5
What is the ten millions digit of 49141134?
4
What is the ten thousands digit of 675597339?
9
What is the thousands digit of 109103358?
3
What is the hundreds digit of 158489556?
5
What is the ten millions digit of 675356200?
7
What is the millions digit of 109036154?
9
What is the ten millions digit of 1260746045?
6
What is the millions digit of 3046150826?
6
What is the tens digit of 204589796?
9
What is the millions digit of 3790246787?
0
What is the ten thousands digit of 2333513385?
1
What is the tens digit of 1450644954?
5
What is the ten millions digit of 106489416?
0
What is the hundred millions digit of 665174782?
6
What is the hundreds digit of 1526930852?
8
What is the millions digit of 778112384?
8
What is the hundreds digit of 841527666?
6
What is the tens digit of 137057905?
0
What is the hundred thousands digit of 83728280?
7
What is the hundred thousands digit of 12922152?
9
What is the millions digit of 28285668?
8
What is the units digit of 385675919?
9
What is the billions digit of 1480417235?
1
What is the hundred thousands digit of 196459198?
4
What is the hundred millions digit of 6366241682?
3
What is the hundred thousands digit of 485121600?
1
What is the ten millions digit of 31302621?
3
What is the units digit of 46024535?
5
What is the hundreds digit of 586361967?
9
What is the ten thousands digit of 2090031623?
3
What is the hundred thousands digit of 47144594?
1
What is the thousands digit of 99328418?
8
What is the ten thousands digit of 276297379?
9
What is the units digit of 337916611?
1
What is the tens digit of 28585099?
9
What is the thousands digit of 22032469?
2
What is the millions digit of 4797056774?
7
What is the ten millions digit of 874735224?
7
What is the millions digit of 86705934?
6
What is the thousands digit of 84679598?
9
What is the ten millions digit of 46318437?
4
What is the millions digit of 84425016?
4
What is the units digit of 2042185548?
8
What is the units digit of 1000057901?
1
What is the hundred thousands digit of 30919932?
9
What is the hundred thousands digit of 156852789?
8
What is the ten millions digit of 18125574?
1
What is the hundreds digit of 207227898?
8
What is the hundreds digit of 127088288?
2
What is the units digit of 25156615?
5
What is the units digit of 35476538?
8
What is the hundred thousands digit of 566868308?
8
What is the hundred thousands digit of 7064329?
0
What is the hundred millions digit of 5066897421?
0
What is the tens digit of 246354435?
3
What is the hundreds digit of 698101779?
7
What is the hundred thousands digit of 5879893513?
8
What is the hundreds digit of 32002506?
5
What is the hundred millions digit of 231917795?
2
What is the hundred thousands digit of 1043128734?
1
What is the hundred millions digit of 542779978?
5
What is the units digit of 543167489?
9
What is the hundreds digit of 40857762?
7
What is the thousands digit of 272221232?
1
What is the hundred thousands digit of 525049529?
0
What is the hundred thousands digit of 31208118?
2
What is the millions digit of 2096929781?
6
What is the tens digit of 487576568?
6
What is the units digit of 384696685?
5
What is the ten thousands digit of 122833361?
3
What is the hundred thousands digit of 254408672?
4
What is the thousands digit of 411733614?
3
What is the ten millions digit of 88716687?
8
What is the hundreds digit of 50703383?
3
What is the units digit of 3858982617?
7
What is the tens digit of 454387080?
8
What is the billions digit of 1332504396?
1
What is the millions digit of 632946680?
2
What is the millions digit of 3805917?
3
What is the ten millions digit of 1119973199?
1
What is the ten millions digit of 39230534?
3
What is the ten millions digit of 91791085?
9
What is the units digit of 4477305449?
9
What is the hundred millions digit of 131851562?
1
What is the hundred thousands digit of 130480021?
4
What is the tens digit of 72103718?
1
What is the hundred millions digit of 604907616?
6
What is the ten thousands digit of 243000587?
0
What is the tens digit of 421992425?
2
What 